ndreds digit of 163?
1
What is the tens digit of 23952?
5
What is the tens digit of 4992?
9
What is the hundreds digit of 20095?
0
What is the tens digit of 77?
7
What is the hundreds digit of 1661?
6
What is the units digit of 22974?
4
What is the tens digit of 459?
5
What is the tens digit of 106020?
2
What is the ten thousands digit of 64093?
6
What is the units digit of 2296?
6
What is the ten thousands digit of 13117?
1
What is the tens digit of 2573?
7
What is the thousands digit of 2104?
2
What is the hundreds digit of 5978?
9
What is the hundreds digit of 2344?
3
What is the thousands digit of 2745?
2
What is the units digit of 1332?
2
What is the units digit of 133?
3
What is the tens digit of 54917?
1
What is the thousands digit of 4160?
4
What is the tens digit of 119722?
2
What is the units digit of 2028?
8
What is the ten thousands digit of 30936?
3
What is the hundreds digit of 2087?
0
What is the units digit of 75?
5
What is the hundreds digit of 17563?
5
What is the tens digit of 71824?
2
What is the units digit of 975?
5
What is the ten thousands digit of 13543?
1
What is the ten thousands digit of 166880?
6
What is the thousands digit of 3627?
3
What is the tens digit of 3090?
9
What is the hundreds digit of 815?
8
What is the thousands digit of 1385?
1
What is the tens digit of 7403?
0
What is the hundreds digit of 5519?
5
What is the hundreds digit of 30224?
2
What is the ten thousands digit of 26054?
2
What is the tens digit of 8378?
7
What is the units digit of 9941?
1
What is the thousands digit of 2324?
2
What is the units digit of 611?
1
What is the thousands digit of 1668?
1
What is the units digit of 203?
3
What is the hundreds digit of 23445?
4
What is the units digit of 720?
0
What is the thousands digit of 62428?
2
What is the tens digit of 542?
4
What is the hundreds digit of 35795?
7
What is the units digit of 18559?
9
What is the ten thousands digit of 57985?
5
What is the units digit of 32517?
7
What is the thousands digit of 2717?
2
What is the hundreds digit of 2318?
3
What is the thousands digit of 1281?
1
What is the tens digit of 1477?
7
What is the hundreds digit of 30529?
5
What is the thousands digit of 1564?
1
What is the hundreds digit of 29200?
2
What is the thousands digit of 9686?
9
What is the thousands digit of 1187?
1
What is the hundreds digit of 9794?
7
What is the hundreds digit of 18421?
4
What is the tens digit of 17118?
1
What is the hundreds digit of 1586?
5
What is the thousands digit of 8453?
8
What is the thousands digit of 1140?
1
What is the units digit of 2242?
2
What is the hundreds digit of 42782?
7
What is the units digit of 31?
1
What is the ten thousands digit of 10258?
1
What is the tens digit of 1041?
4
What is the tens digit of 18417?
1
What is the hundreds digit of 7011?
0
What is the hundreds digit of 39528?
5
What is the units digit of 27?
7
What is the units digit of 21263?
3
What is the tens digit of 47523?
2
What is the tens digit of 4105?
0
What is the thousands digit of 3429?
3
What is the ten thousands digit of 20975?
2
What is the hundreds digit of 796?
7
What is the hundreds digit of 1994?
9
What is the hundreds digit of 829?
8
What is the hundreds digit of 5763?
7
What is the thousands digit of 10229?
0
What is the tens digit of 632?
3
What is the ten thousands digit of 10876?
1
What is the thousands digit of 1558?
1
What is the hundreds digit of 725?
7
What is the tens digit of 316?
1
What is the units digit of 2088?
8
What is the hundreds digit of 497?
4
What is the units digit of 1845?
5
What is the units digit of 40?
0
What is the hundreds digit of 1998?
9
What is the tens digit of 361?
6
What is the thousands digit of 70022?
0
What is the hundreds digit of 5207?
2
What is the hundreds digit of 142392?
3
What is the thousands digit of 3612?
3
What is the units digit of 863?
3
What is the tens digit of 2812?
1
What is the hundreds digit of 4338?
3
What is the tens digit of 606?
0
What is the units digit of 937?
7
What is the tens digit of 2077?
7
What is the units digit of 4482?
2
What is the hundreds digit of 494?
4
What is the thousands digit of 11986?
1
What is the units digit of 157626?
6
What is the thousands digit of 119984?
9
What is the units digit of 1596?
6
What is the units digit of 9319?
9
What is the units digit of 9683?
3
What is the tens digit of 2358?
5
What is the units digit of 140?
0
What is the hundreds digit of 533?
5
What is the tens digit of 1417?
1
What is the tens digit of 26091?
9
What is the tens digit of 148?
4
What is the hundreds digit of 102055?
0
What is the hundreds digit of 988?
9
What is the tens digit of 5373?
7
What is the tens digit of 2671?
7
What is the units digit of 414?
4
What is the units digit of 1454?
4
What is the tens digit of 36?
3
What is the units digit of 1173?
3
What is the tens digit of 4125?
2
What is the thousands digit of 101543?
1
What is the units digit of 1380?
0
What is the tens digit of 16600?
0
What is the tens digit of 61687?
8
What is the hundreds digit of 1315?
3
What is the ten thousands digit of 85210?
8
What is the hundreds digit of 719?
7
What is the thousands digit of 1779?
1
What is the thousands digit of 1159?
1
What is the ten thousands digit of 74212?
7
What is the hundreds digit of 2381?
3
What is the thousands digit of 20587?
0
What is the units digit of 11379?
9
What is the tens digit of 1519?
1
What is the ten thousands digit of 119632?
1
What is the hundreds digit of 3617?
6
What is the units digit of 3560?
0
What is the units digit of 99687?
7
What is the units digit of 898?
8
What is the thousands digit of 8924?
8
What is the hundreds digit of 6413?
4
What is the ten thousands digit of 35439?
3
What is the units digit of 289?
9
What is the thousands digit of 1365?
1
What is the units digit of 2552?
2
What is the hundreds digit of 499?
4
What is the units digit of 65353?
3
What is the tens digit of 73560?
6
What is the thousands digit of 153235?
3
What is the thousands digit of 27107?
7
What is the hundreds digit of 456?
4
What is the hundreds digit of 2210?
2
What is the units digit of 4468?
8
What is the units digit of 591?
1
What is the hundreds digit of 25005?
0
What is the tens digit of 4286?
8
What is the hundreds digit of 446?
4
What is the units digit of 60537?
7
What is the thousands digit of 4650?
4
What is the tens digit of 13715?
1
What is the ten thousands digit of 60848?
6
What is the thousands digit of 2332?
2
What is the tens digit of 23205?
0
What is the hundreds digit of 8545?
5
What is the thousands digit of 3317?
3
What is the thousands digit of 3160?
3
What is the tens digit of 460?
6
What is the units digit of 2293?
3
What is the hundreds digit of 61289?
2
What is the thousands digit of 50185?
0
What is the tens digit of 54114?
1
What is the tens digit of 1529?
2
What is the units digit of 559?
9
What is the tens digit of 19193?
9
What is the hundreds digit of 9062?
0
What is the tens digit of 1257?
5
What is the hundreds digit of 9965?
9
What is the units digit of 2908?
8
What is the units digit of 1682?
2
What is the hundreds digit of 2057?
0
What is the units digit of 836?
6
What is the tens digit of 907?
0
What is the hundreds digit of 1336?
3
What is the units digit of 101620?
0
What is the thousands digit of 53364?
3
What is the units digit of 11147?
7
What is the units digit of 1685?
5
What is the tens digit of 7726?
2
What is the hundred thousands digit of 115464?
1
What is the thousands digit of 17684?
7
What is the units digit of 2795?
5
What is the hundreds digit of 5120?
1
What is the tens digit of 1519?
1
What is the ten thousands digit of 36829?
3
What is the units digit of 995?
5
What is the tens digit of 1544?
4
What is the units digit of 5692?
2
What is the units digit of 129242?
2
What is the ten thousands digit of 61414?
6
What is the tens digit of 44804?
0
What is the hundreds digit of 2407?
4
What is the tens digit of 1344?
4
What is the units digit of 3586?
6
What is the units digit of 1979?
9
What is the hundreds digit of 3032?
0
What is the hundreds digit of 3948?
9
What is the units digit of 1754?
4
What is the units digit of 7250?
0
What is the hundreds digit of 586?
5
What is the hundreds digit of 17846?
8
What is the ten thou